st common divisor of m and 76?
19
Let m(t) = 6*t - 24. Suppose o - 9 + 42 = h, 0 = 3*h + 4*o - 78. Let d be m(h). Calculate the highest common factor of d and 13.
13
Suppose 3*s - k - 124 = 335, 5*s - 769 = 3*k. Let p = -672 - -691. What is the greatest common factor of p and s?
19
Suppose 0 = 3*w - 91 - 32. Suppose 0 = 4*p - w - 7. Let f be p/(12/4) - -14. What is the highest common divisor of f and 2?
2
Suppose -4*z - j - 2111 = 0, z + 1051 = -z - 5*j. Let u be 2 - (-1 - (-1 + 0)). Let n be ((-1)/2)/(u/z). Calculate the highest common divisor of n and 12.
12
Let c be 1/((-3)/261*1). Let n = c - -213. What is the greatest common factor of n and 14?
14
Let r(x) = 4*x - 2. Let o be r(-10). Let j = 54 + o. What is the greatest common factor of 3 and j?
3
Let x be ((-32)/(-5))/(3/30). Suppose -x + 189 = -5*r. Let h = 65 + r. Calculate the highest common divisor of h and 5.
5
Suppose 73*a + 360 = 78*a. Let k(i) = 6*i**3 - 3*i**2 + i - 2. Let m be k(2). Suppose -f - m = -5*f. What is the greatest common divisor of a and f?
9
Suppose 3*y - 39 = 36. Let v(h) = -7*h + 34. Let a be v(-13). What is the highest common divisor of a and y?
25
Let u(f) = -f**3 - 17*f**2 + f + 43. Let z be u(-17). Suppose -2*k + 7 = -19. What is the greatest common divisor of k and z?
13
Let d(t) = -t**2 - 6*t + 4. Let w be d(-5). Suppose w*g - 238 = 77. Suppose -3*u + 26 = -16. Calculate the greatest common factor of g and u.
7
Let z be 2*(-2)/4 + -28 + 85. What is the highest common factor of z and 42?
14
Let z = -638 - -647. Let j(s) = -2*s - 4. Let p be j(-3). Suppose p*o - 3*q - 21 = 0, 0*o + q = 4*o - 37. What is the highest common divisor of o and z?
9
Let a = -278 - -297. Calculate the highest common factor of 2 and a.
1
Let q(h) = 19*h + 50. Let r be q(2). Calculate the greatest common divisor of r and 187.
11
Let l(p) = 5*p**2 + 26*p + 190. Let h be l(-15). Calculate the greatest common divisor of h and 100.
25
Let q = 585 - -85. What is the greatest common factor of q and 10?
10
Let s be (-95)/(-2)*(3 + -1). Let f = 52 + -19. Let w = -14 + f. Calculate the greatest common divisor of w and s.
19
Suppose -2 = -t, 3*t + 112 = 2*s + 36. Suppose -v - 5*p + s = -40, 0 = 3*p. Calculate the highest common divisor of 27 and v.
27
Let a(u) = u - 1. Let s be a(1). Let y be -2*(s - 4)/(-4). Let d be (3 - 14 - y)/(-1). Calculate the greatest common divisor of d and 72.
9
Let i = -547 - -557. What is the highest common divisor of 55 and i?
5
Let m be (1 - (3 - 3))/(0 - -1). Let b = 28 - m. What is the greatest common divisor of b and 45?
9
Suppose 5*q = 2*k + 1084, 4*k + 322 = -4*q + 1178. Calculate the greatest common divisor of q and 168.
24
Let y be 554/2 + -6 + 8/8. Calculate the highest common factor of 476 and y.
68
Let w = 8 + -4. Let t(o) = 7 + 0*o**2 + 11*o**3 - 8 - 2*o**2 + w*o**2. Let p be t(1). What is the highest common factor of p and 48?
12
Let a(c) = -c**2 - 7*c + 21. Let z(p) = -p - 1. Let u(d) = -a(d) + 5*z(d). Let x be u(-8). Calculate the greatest common divisor of x and 66.
22
Suppose -2*s + r = -6*s + 50, 0 = -2*s - 4*r + 32. Suppose 1 = -5*q - 4*p + 19, -4*p - 18 = -q. What is the greatest common factor of s and q?
6
Suppose n + 2*n = -3*d + 39, -3*n - 15 = 0. Let r(z) = 2*z**2 + 22*z - 240. Let s be r(-18). Calculate the highest common factor of s and d.
6
Let c be (-11)/(99/(-654)) + 4/(-6). Calculate the greatest common divisor of 96 and c.
24
Suppose -12*n = -14*n + g + 11, 0 = 5*n - 4*g - 26. Calculate the greatest common factor of n and 138.
6
Let q = -514 + 556. What is the greatest common divisor of q and 616?
14
Suppose 3*w - 4*w = -1. Let y = 24 - 28. Let l be y - (0/4 + -7). What is the highest common factor of w and l?
1
Let z(q) = -q + 11. Let t be z(6). Suppose t*m - 94 + 24 = 0. What is the greatest common divisor of 2 and m?
2
Suppose -2539 = -19*w - 525. Calculate the highest common divisor of 159 and w.
53
Suppose -9*o = -7*o - 5*v - 10, -5*o = 3*v - 87. What is the greatest common divisor of 45 and o?
15
Let s = 78 + 55. Let u = s - 94. Let j = 102 - 76. What is the highest common divisor of u and j?
13
Let i(k) = -k. Let f(r) = -r**2 - 7*r. Let j(w) = -f(w) + 2*i(w). Let z be j(-6). Suppose a + 0*a = z. Calculate the greatest common divisor of a and 24.
6
Let s(z) = 64*z - 20. Let u be s(13). Let c = -390 + u. Suppose -x + c = 2*d, d = x - 3*d - 410. What is the highest common divisor of 38 and x?
38
Suppose 0 = 4*r - 3*j - 162, 0 = 2*r + 4*j + j - 94. What is the highest common divisor of 30 and r?
6
Suppose 25 = 5*i, -4*r + 694 = -13*i + 11*i. What is the highest common factor of 308 and r?
44
Suppose 164 = -11*w + 52*w. Calculate the highest common divisor of w and 94.
2
Suppose 29*o + 456 = 35*o. Let g = o - 31. Calculate the greatest common divisor of g and 15.
15
Let a = -5 + 21. Suppose -3*n - 2*m + 154 = 0, 32 = 2*n + 3*m - 79. What is the greatest common divisor of n and a?
16
Let w(u) = 19*u + 101. Let b be w(-5). What is the greatest common divisor of b and 354?
6
Let y = 244 + -190. What is the greatest common factor of y and 90?
18
Let v(h) = 985*h**2 + 5*h - 2. Let l be v(1). Calculate the greatest common factor of l and 104.
52
Suppose 0 = 5*j - 3*j + 3*v + 99, 4*v - 4 = 0. Let m = j - -71. What is the greatest common factor of 4 and m?
4
Suppose -2*b - r - 1 = 0, 5*b + 6*r - 2*r + 10 = 0. Suppose b*h = 10*h - 64. Let m be (-8)/((-2)/(-1 - -17)). Calculate the greatest common factor of m and h.
8
Let j be ((-488)/(-24) - 2)/((-5)/(-105)). Calculate the highest common divisor of 440 and j.
55
Let k(f) = 4*f**2 + 82*f + 107. Let t be k(-20). What is the greatest common factor of 1139 and t?
67
Suppose 0*g - 2*g - 2*o - 96 = 0, -4*o = 2*g + 92. Let d = g + 72. Calculate the highest common factor of 33 and d.
11
Suppose n = 4*n - 48. Let g be (3/4)/((-186)/(-992)). Calculate the greatest common divisor of g and n.
4
Let q = -29 - -30. Suppose 0 = 5*o + q + 4. Let m be 4/((-3)/6 - o). What is the greatest common factor of 1 and m?
1
Let w = -38 + 82. Let o = 435 + -413. Calculate the greatest common factor of w and o.
22
Suppose -92 = -f - 36. Let u be ((18/8)/((-21)/f))/(-1). What is the greatest common divisor of 4 and u?
2
Let y be (1/1 - -611) + (2 - 3). Calculate the highest common factor of 47 and y.
47
Let p = 37 - 39. Let g be (-8)/p - (-9)/1. What is the highest common divisor of g and 13?
13
Let u = 48 + -20. Suppose 3*v = -5*x + u, -x - 32 = -5*v - 2*x. What is the highest common divisor of v and 1?
1
Suppose c = 5*d - 110, -d + 4*c = -12 - 10. What is the greatest common factor of d and 18?
2
Suppose y = -3*t + 1 + 1, -28 = -5*y + 3*t. Calculate the highest common factor of 535 and y.
5
Let g(d) be the first derivative of -37*d**4/4 - 2*d**3/3 - d**2/2 - 4. Let b be g(-1). What is the highest common divisor of 90 and b?
18
Let c = 12 + -13. Let a be (c - (-1 + 0 - 1))*8. What is the greatest common divisor of a and 6?
2
Let a be (0 - 4)/(3*(-8)/132). Suppose 14*n + 2376 = 26*n. What is the highest common factor of a and n?
22
Suppose 7*x = -92 - 20. Let z = 2 - x. Calculate the greatest common factor of z and 234.
18
Let b = 16 + -9. Suppose 2*d + 34 = t, b*t - 4*d - 140 = 2*t. Suppose 4*s + c = -16 + 684, -152 = -s - 4*c. Calculate the highest common divisor of t and s.
24
Let c = 4 - -14. Let d = c + -15. Suppose -1 = p + 5*t - 5, 0 = 4*p + d*t - 101. Calculate the greatest common divisor of p and 145.
29
Let i(x) = x**3 - 10*x**2 + 25*x - 11. Let n be i(7). Suppose -b + n = -17. Calculate the highest common factor of 34 and b.
34
Let p(j) = -2*j**2 - 45*j + 92. Let h be p(-24). What is the greatest common divisor of 4 and h?
4
Let g(v) be the first derivative of 2*v**2 - 63*v + 4. Let q be g(18). What is the greatest common factor of q and 6?
3
Let q(d) = -12*d + 2*d + 5*d**2 + 7 - 4*d**2 + 11. Let p be q(8). Let f(n) = 3*n**3 + 2*n. Let s be f(p). Calculate the highest common divisor of 70 and s.
14
Suppose -16*p + 1606 = -1994. What is the greatest common divisor of p and 9?
9
Suppose 3*l - 4*n = 95, l + 2*n - 12 = 23. Suppose -11*g - 31 = 24. Let y = g + 16. What is the highest common divisor of l and y?
11
Let f(b) = -595*b**3 - 5*b**2 - 8*b - 3. Let r be f(-1). What is the highest common divisor of r 